
Let m be -2*5*(-6)/(-15). Let q(u) = u**2 + 2*u + 3. What are the prime factors of q(m)?
11
Let m(s) = -79*s + 6. Let f be m(4). Let k be f/(-5) - 1*-2. Suppose -3*a - a + k = 0. What are the prime factors of a?
2
Suppose 10*j = 4*j + 792. List the prime factors of j.
2, 3, 11
Suppose -2*o + 2 = 4*c, -c = 3*o - 2*o - 4. Suppose -o*y + 130 = -10. Let a = y + 3. What are the prime factors of a?
23
Let s be 3*6/27*15. Suppose 0 = v + 5, -5*c + s*c - 4*v = 15. Let k = 7 - c. What are the prime factors of k?
2
Suppose -20 = -5*z - 10. Suppose z*v = 3*v - 18. Let q = v - 14. List the prime factors of q.
2
List the prime factors of 2 + 308 + -3 - (5 - 11).
313
Let p be 0 - (8 + -4) - -7. Let w(r) = -r**3 - 3*r**2 - 7 + 8*r - p*r - 4*r. What are the prime factors of w(-5)?
2, 19
Let t = -2 + 5. Suppose 5*b - 7*z - 485 = -2*z, -b - t*z + 81 = 0. List the prime factors of b.
3, 31
Let b(t) = t**3 - 4*t**2 - 8*t + 9. Let u = 7 + -1. Let m = u - 0. List the prime factors of b(m).
3, 11
Let d(y) = -45*y - 42*y + 6*y**2 + 90*y + 21. What are the prime factors of d(6)?
3, 5, 17
Let a be ((-136)/(-12))/(4/(-18)). Let u = 96 + a. What are the prime factors of u?
3, 5
Suppose 2*m - 24 = 5*z, -5*z + 6*m - 21 = 3*m. What are the prime factors of (-1 + (-3)/(9/z))*131?
131
Let l be 4/18 - (-9)/((-324)/8). Suppose -b + 0*m + 3*m = -111, l = -3*b - 2*m + 388. List the prime factors of b.
2, 3, 7
Let v = 3231 + -1273. What are the prime factors of v?
2, 11, 89
Let g = -24 - -30. Let a(w) = w**2 - 6. List the prime factors of a(g).
2, 3, 5
Suppose -18*m + 3495 = -3*m. List the prime factors of m.
233
Suppose -5*j - z + 12 = z, 2*z = -4*j + 8. Suppose -a = j*a. Suppose -2*x - 2*x + 192 = a. List the prime factors of x.
2, 3
Let f be (-15)/(-5)*(-4)/3 + 501. Let x = f + -275. What are the prime factors of x?
2, 3, 37
Let l = 53 - 51. Suppose 953 = 4*v - 2*i + i, -l*v - 4*i = -490. What are the prime factors of v?
239
Let y(m) = -15*m**3 - 9*m**2 - 38*m - 190. What are the prime factors of y(-6)?
2, 7, 211
Let a(g) = 91*g**2 - 9*g + 25. What are the prime factors of a(-7)?
4547
Let n(q) = 39*q - 42. Let b be n(18). Let j = b - 413. List the prime factors of j.
13, 19
Let u be (1 - 1) + (-6 - -9). Let r(j) = 11 + 2*j - u + j**2 - 12*j + 3. What are the prime factors of r(9)?
2
Let d be (3/5)/(4/20). Suppose d*n = 10*n + 413. Let o = n - -110. What are the prime factors of o?
3, 17
Suppose d = 5*c + 2832, -c - 2637 + 16719 = 5*d. What are the prime factors of d?
3, 313
Suppose 13 = 5*i - 12. Suppose -2*r + 3*r + k = 20, -i*r - 3*k + 106 = 0. List the prime factors of r.
23
Suppose -4*g = 2*c, -2*c = -2*g - 0*c. Suppose -4*u + 0*u + 240 = g. What are the prime factors of u?
2, 3, 5
Let p(l) = 175*l**2 + 3*l - 5. Let b be p(1). Let z = b + 39. What are the prime factors of z?
2, 53
Let w = 399 - -131. What are the prime factors of w?
2, 5, 53
Suppose 16884 - 3528 = -2*q. List the prime factors of ((-2)/3)/(7/(q/12)).
53
Let z = 0 - -3. Suppose -z*x + 2 = -2*x, -x = 3*s - 8. Suppose n + 0*f = -s*f + 53, -n + 5*f + 60 = 0. What are the prime factors of n?
5, 11
Suppose 8*f - 3 = 13. Suppose f*y + 47 = 369. List the prime factors of y.
7, 23
Let n = -841 + 1436. What are the prime factors of n?
5, 7, 17
Let y(m) be the second derivative of m**3/6 - 3*m**2/2 - 2*m. Let o be y(5). Suppose o*k + 33 = 5*k. List the prime factors of k.
11
Suppose n - 6*n + 4*k + 88 = 0, 0 = -3*n - 3*k + 42. What are the prime factors of n?
2
Let x(k) = k**3 - 4*k**2 + 10*k + 18. List the prime factors of x(9).
3, 19
Let r(k) = k**3 + 2*k**2 - k. Let u be r(-2). Let t(c) be the second derivative of 5*c**4/12 - c**3/3 + c**2 - 2*c. What are the prime factors of t(u)?
2, 3
Let m(p) = -19*p - 1. Suppose -2*n - n = 0. Let y(q) = q - 1. Let d be y(n). List the prime factors of m(d).
2, 3
Suppose 4*w + 4*k + 4 = 0, 0*w - w - 7 = 3*k. Suppose g - w = -2*y + 35, -g = 4*y - 31. What are the prime factors of g?
43
What are the prime factors of (2/((-8)/(-2)))/(15/4890)?
163
Let m = -88 - -68. List the prime factors of -4*(4/m + 78/(-10)).
2
Let q = -572 - -812. Suppose 4*u + 5*g = -u + q, -2*g = -2*u + 116. List the prime factors of u.
53
Let c be 19124/36 + 1 + (-22)/18. Let g = -256 + c. List the prime factors of g.
5, 11
Suppose -28*p + 22*p = -456. List the prime factors of p.
2, 19
What are the prime factors of 44/110 + (-1578)/(-5)?
2, 79
Let p(g) = g**2 + 4*g - 2. Let b be p(-6). List the prime factors of 45/(-6)*(-72)/b.
2, 3
Let v(d) = -22 + 9*d - 13 + 16. List the prime factors of v(6).
5, 7
Let x be 47/15 + (-12)/90. Suppose -5*c - 77 = -4*k + x*k, -295 = -5*k - 5*c. List the prime factors of k.
2, 31
Suppose 2*o = 17 + 7. Let z = 25 - o. What are the prime factors of z?
13
Suppose 9*s = 5*s + 120. Let p = -25 + s. List the prime factors of p.
5
Let m = -81 + 485. List the prime factors of m.
2, 101
Let g = -100 + 108. Let u(h) = h**3 - 6*h**2 - 12*h + 11. What are the prime factors of u(g)?
43
What are the prime factors of -16 + 19 - (-2 - (465 - -2))?
2, 59
What are the prime factors of (-2215)/(-7) - (-219)/(-511)?
2, 79
Let s = -50 + 125. Suppose -4*w = 3 - s. List the prime factors of w.
2, 3
Suppose 76*h - 80*h + 2416 = 0. What are the prime factors of h?
2, 151
Suppose 13 = -5*t + g, 2 = -3*t + 3*g - 1. Let n(u) be the first derivative of -u**3/3 - 3*u**2 + 4*u - 3. What are the prime factors of n(t)?
13
Let p = -29 + 29. Suppose 4*l - 5*v - 130 = 0, -5*l - 3*v + 2*v + 148 = p. List the prime factors of l.
2, 3, 5
List the prime factors of (-684)/513*(-1 - (0 + 824)).
2, 5, 11
Suppose -3*i + 2974 = -569. List the prime factors of i.
1181
Suppose 4*h - 14896 + 3992 = 2*o, 4*h = o + 10906. What are the prime factors of h?
3, 101
Let i(b) = 22*b - 31. Let k be i(6). Suppose -163 - k = -c. What are the prime factors of c?
2, 3, 11
Let w(i) = i - 12. Suppose -j + 0*j + 12 = 0. Let m be w(j). Let q = m + 2. What are the prime factors of q?
2
What are the prime factors of 150685/75 - 2/15?
7, 41
Suppose 14*z - 15*z = -45. Suppose 0 = 4*v + 5*v - z. What are the prime factors of v?
5
List the prime factors of 737*(-5 + 7 + 2 + -1).
3, 11, 67
What are the prime factors of (1072/20)/((-3 - -6)/45)?
2, 3, 67
Let f be 5 + -8 + (-199)/(-1). Suppose -17*h + 21*h - f = 0. What are the prime factors of h?
7
Let g(t) = 119*t - 192. List the prime factors of g(35).
29, 137
Let r be 9*1*(-4)/(-12). Suppose -r*c + 326 = -142. List the prime factors of (6/(-4))/((-6)/c).
3, 13
Let v be (18/(-12))/(1/6). Let w(h) be the first derivative of -h**4/4 - 8*h**3/3 + 4*h**2 - 2*h + 2. List the prime factors of w(v).
7
What are the prime factors of 360/42*((-11)/(-3) - -1)?
2, 5
Suppose 5*h - 7*h + 8 = 0. Suppose -128 = -2*z - h*l, -179 = -5*z - 5*l + 136. List the prime factors of z.
2, 31
Let l(y) = -2*y**3 + 6*y**2 - 7*y - 9. List the prime factors of l(-4).
3
Let p = 292 - 175. Let j = -59 + p. List the prime factors of j.
2, 29
Suppose 4*g + 3*m - 4305 = 0, 5384 = 5*g + m - 0*m. What are the prime factors of g?
3, 359
What are the prime factors of 780 + 6 + (-6 - -10)/(-4)?
5, 157
Suppose -o = 296 - 320. Suppose -3*h = 2*h - 110. Let s = o - h. List the prime factors of s.
2
Let s = -709 - -1056. List the prime factors of s.
347
Let l(s) = -28*s - 1 - s + s. Let m = -5 + 4. What are the prime factors of l(m)?
3
Let l(a) = -17*a + 17. Let m = 95 + -102. List the prime factors of l(m).
2, 17
Let d = -2994 - -6389. What are the prime factors of d?
5, 7, 97
Suppose -4*d - d + 1237 = v, 4*d - 2*v = 998. Suppose l = -3*l + d. Let w = l + -37. List the prime factors of w.
5
Suppose -3*t + 15 = 2*t. Suppose 5*w - 199 = 4*u - 8*u, 157 = t*u - 4*w. Let o = 75 - u. What are the prime factors of o?
2, 3
Let l(j) = j**3 + 7*j**2 + 7*j. Let s be l(-5). What are the prime factors of s*(1 + (6 - 2))?
3, 5
Suppose s - 2*s = -2. Let a(x) = -4*x - s - 4*x - 8*x - 5*x. List the prime factors of a(-1).
19
Let o be -3 + 0 - (-8 - -9). Let y(g) = g**2 + 6*g + 5. Let r be y(-4). List the prime factors of (o - -3)*r + 3.
2, 3
Suppose 5*r = -159 - 496. Let o = -65 - r. Suppose 0 = -2*v + 3*f + 44, -4*v + 0*f = 5*f - o. List the prime factors of v.
19
What are the prime factors of 12/16 - (0 + 37898/(-8))?
2, 23, 103
Let d be (-4)/(-14) 